{"id":63,"date":"2016-04-20T02:37:26","date_gmt":"2016-04-19T23:37:26","guid":{"rendered":"http:\/\/tezyazdir.net\/?page_id=63"},"modified":"2020-11-09T17:20:18","modified_gmt":"2020-11-09T14:20:18","slug":"spss-veri-analizi","status":"publish","type":"page","link":"https:\/\/tezyazdir.net\/index.php\/spss-veri-analizi\/","title":{"rendered":"SPSS VER\u0130 ANAL\u0130Z\u0130"},"content":{"rendered":"<h2 style=\"text-align: center;\">SPSS VER\u0130 ANAL\u0130Z\u0130<\/h2>\n<p style=\"padding-left: 90px;\">\n<p style=\"padding-left: 90px;\">\u00a0 \u00a0 Akademi camias\u0131nda her seviye \u00e7al\u0131\u015fmada saha ara\u015ft\u0131rmalar\u0131 ve bunlar\u0131n analizleri kar\u015f\u0131m\u0131za \u00e7\u0131kmaktad\u0131r. Veri analizi yapabilmek i\u00e7in ilk elden istatistikleri sa\u011fl\u0131kl\u0131 okuyabilmeliyiz. Eldeki istatiksel verileri analiz ettikten sonra ise bunu anla\u015f\u0131l\u0131r ve sistemli bir \u015fekilde ifade etmek gereklidir.<\/p>\n<p style=\"padding-left: 90px;\">\u00a0 \u00a0 \u00a0 Statistical Package for the Social Sciences isimli SPSS analizi akademik camian\u0131n pek \u00e7ok alan\u0131nda kullan\u0131lmaktad\u0131r. \u00d6zellikle sosyal bilimlerde saha ara\u015ft\u0131rma sonu\u00e7lar\u0131n\u0131 okurken kar\u015f\u0131m\u0131za \u00e7\u0131kan SPSS, t\u0131p alan\u0131nda olduk\u00e7a fazlaca kullan\u0131lmaktad\u0131r.<\/p>\n<p style=\"padding-left: 90px;\">\u00a0 \u00a0 \u00a0 Sayg\u0131n Akademik Dan\u0131\u015fmanl\u0131k Merkezi her t\u00fcrl\u00fc analizinizi yapman\u0131zda, her t\u00fcrl\u00fc veri giri\u015fi ve analiz sonu\u00e7lar\u0131n\u0131 Tez Yaz\u0131m Kurallar\u0131 \u00e7er\u00e7evesinde haz\u0131rlaman\u0131zda sizlere deneyiminden istifade ederek yapman\u0131z i\u00e7in yan\u0131n\u0131zdad\u0131r.<\/p>\n","protected":false},"excerpt":{"rendered":"<p>SPSS VER\u0130 ANAL\u0130Z\u0130 \u00a0 \u00a0 Akademi camias\u0131nda her seviye \u00e7al\u0131\u015fmada saha ara\u015ft\u0131rmalar\u0131 ve bunlar\u0131n analizleri kar\u015f\u0131m\u0131za \u00e7\u0131kmaktad\u0131r. Veri analizi yapabilmek i\u00e7in ilk elden istatistikleri sa\u011fl\u0131kl\u0131 okuyabilmeliyiz. Eldeki istatiksel verileri analiz ettikten sonra ise bunu anla\u015f\u0131l\u0131r ve sistemli bir \u015fekilde ifade etmek gereklidir. \u00a0 \u00a0 \u00a0 Statistical Package for the Social Sciences isimli SPSS analizi akademik<\/p>\n","protected":false},"author":1,"featured_media":0,"parent":0,"menu_order":0,"comment_status":"closed","ping_status":"closed","template":"","meta":{"footnotes":""},"class_list":["post-63","page","type-page","status-publish","hentry"],"yoast_head":"<!-- This site is optimized with the Yoast SEO plugin v27.4 - https:\/\/yoast.com\/product\/yoast-seo-wordpress\/ -->\n<title>SPSS VER\u0130 ANAL\u0130Z\u0130 - Sayg\u0131n Akademik Dan\u0131\u015fmanl\u0131k<\/title>\n<meta name=\"robots\" content=\"index, follow, max-snippet:-1, max-image-preview:large, max-video-preview:-1\" \/>\n<link rel=\"canonical\" href=\"https:\/\/tezyazdir.net\/index.php\/spss-veri-analizi\/\" \/>\n<meta property=\"og:locale\" content=\"tr_TR\" \/>\n<meta property=\"og:type\" content=\"article\" \/>\n<meta property=\"og:title\" content=\"SPSS VER\u0130 ANAL\u0130Z\u0130 - Sayg\u0131n Akademik Dan\u0131\u015fmanl\u0131k\" \/>\n<meta property=\"og:description\" content=\"SPSS VER\u0130 ANAL\u0130Z\u0130 \u00a0 \u00a0 Akademi camias\u0131nda her seviye \u00e7al\u0131\u015fmada saha ara\u015ft\u0131rmalar\u0131 ve bunlar\u0131n analizleri kar\u015f\u0131m\u0131za \u00e7\u0131kmaktad\u0131r. Veri analizi yapabilmek i\u00e7in ilk elden istatistikleri sa\u011fl\u0131kl\u0131 okuyabilmeliyiz. Eldeki istatiksel verileri analiz ettikten sonra ise bunu anla\u015f\u0131l\u0131r ve sistemli bir \u015fekilde ifade etmek gereklidir. \u00a0 \u00a0 \u00a0 Statistical Package for the Social Sciences isimli SPSS analizi akademik\" \/>\n<meta property=\"og:url\" content=\"https:\/\/tezyazdir.net\/index.php\/spss-veri-analizi\/\" \/>\n<meta property=\"og:site_name\" content=\"Sayg\u0131n Akademik Dan\u0131\u015fmanl\u0131k\" \/>\n<meta property=\"article:modified_time\" content=\"2020-11-09T14:20:18+00:00\" \/>\n<meta name=\"twitter:card\" content=\"summary_large_image\" \/>\n<meta name=\"twitter:label1\" content=\"Tahmini okuma s\u00fcresi\" \/>\n\t<meta name=\"twitter:data1\" content=\"1 dakika\" \/>\n<script type=\"application\/ld+json\" class=\"yoast-schema-graph\">{\"@context\":\"https:\\\/\\\/schema.org\",\"@graph\":[{\"@type\":\"WebPage\",\"@id\":\"https:\\\/\\\/tezyazdir.net\\\/index.php\\\/spss-veri-analizi\\\/\",\"url\":\"https:\\\/\\\/tezyazdir.net\\\/index.php\\\/spss-veri-analizi\\\/\",\"name\":\"SPSS VER\u0130 ANAL\u0130Z\u0130 - Sayg\u0131n Akademik Dan\u0131\u015fmanl\u0131k\",\"isPartOf\":{\"@id\":\"https:\\\/\\\/tezyazdir.net\\\/#website\"},\"datePublished\":\"2016-04-19T23:37:26+00:00\",\"dateModified\":\"2020-11-09T14:20:18+00:00\",\"breadcrumb\":{\"@id\":\"https:\\\/\\\/tezyazdir.net\\\/index.php\\\/spss-veri-analizi\\\/#breadcrumb\"},\"inLanguage\":\"tr\",\"potentialAction\":[{\"@type\":\"ReadAction\",\"target\":[\"https:\\\/\\\/tezyazdir.net\\\/index.php\\\/spss-veri-analizi\\\/\"]}]},{\"@type\":\"BreadcrumbList\",\"@id\":\"https:\\\/\\\/tezyazdir.net\\\/index.php\\\/spss-veri-analizi\\\/#breadcrumb\",\"itemListElement\":[{\"@type\":\"ListItem\",\"position\":1,\"name\":\"Ana sayfa\",\"item\":\"https:\\\/\\\/tezyazdir.net\\\/\"},{\"@type\":\"ListItem\",\"position\":2,\"name\":\"SPSS VER\u0130 ANAL\u0130Z\u0130\"}]},{\"@type\":\"WebSite\",\"@id\":\"https:\\\/\\\/tezyazdir.net\\\/#website\",\"url\":\"https:\\\/\\\/tezyazdir.net\\\/\",\"name\":\"Sayg\u0131n Akademik Dan\u0131\u015fmanl\u0131k\",\"description\":\"\",\"publisher\":{\"@id\":\"https:\\\/\\\/tezyazdir.net\\\/#organization\"},\"potentialAction\":[{\"@type\":\"SearchAction\",\"target\":{\"@type\":\"EntryPoint\",\"urlTemplate\":\"https:\\\/\\\/tezyazdir.net\\\/?s={search_term_string}\"},\"query-input\":{\"@type\":\"PropertyValueSpecification\",\"valueRequired\":true,\"valueName\":\"search_term_string\"}}],\"inLanguage\":\"tr\"},{\"@type\":\"Organization\",\"@id\":\"https:\\\/\\\/tezyazdir.net\\\/#organization\",\"name\":\"Sayg\u0131n Akademik Dan\u0131\u015fmanl\u0131k\",\"url\":\"https:\\\/\\\/tezyazdir.net\\\/\",\"logo\":{\"@type\":\"ImageObject\",\"inLanguage\":\"tr\",\"@id\":\"https:\\\/\\\/tezyazdir.net\\\/#\\\/schema\\\/logo\\\/image\\\/\",\"url\":\"https:\\\/\\\/tezyazdir.net\\\/wp-content\\\/uploads\\\/2020\\\/11\\\/site-ikonu.jpg\",\"contentUrl\":\"https:\\\/\\\/tezyazdir.net\\\/wp-content\\\/uploads\\\/2020\\\/11\\\/site-ikonu.jpg\",\"width\":512,\"height\":512,\"caption\":\"Sayg\u0131n Akademik Dan\u0131\u015fmanl\u0131k\"},\"image\":{\"@id\":\"https:\\\/\\\/tezyazdir.net\\\/#\\\/schema\\\/logo\\\/image\\\/\"},\"sameAs\":[\"https:\\\/\\\/instagram.com\\\/tezyazd\"]}]}<\/script>\n<!-- \/ Yoast SEO plugin. -->","yoast_head_json":{"title":"SPSS VER\u0130 ANAL\u0130Z\u0130 - Sayg\u0131n Akademik Dan\u0131\u015fmanl\u0131k","robots":{"index":"index","follow":"follow","max-snippet":"max-snippet:-1","max-image-preview":"max-image-preview:large","max-video-preview":"max-video-preview:-1"},"canonical":"https:\/\/tezyazdir.net\/index.php\/spss-veri-analizi\/","og_locale":"tr_TR","og_type":"article","og_title":"SPSS VER\u0130 ANAL\u0130Z\u0130 - Sayg\u0131n Akademik Dan\u0131\u015fmanl\u0131k","og_description":"SPSS VER\u0130 ANAL\u0130Z\u0130 \u00a0 \u00a0 Akademi camias\u0131nda her seviye \u00e7al\u0131\u015fmada saha ara\u015ft\u0131rmalar\u0131 ve bunlar\u0131n analizleri kar\u015f\u0131m\u0131za \u00e7\u0131kmaktad\u0131r. Veri analizi yapabilmek i\u00e7in ilk elden istatistikleri sa\u011fl\u0131kl\u0131 okuyabilmeliyiz. Eldeki istatiksel verileri analiz ettikten sonra ise bunu anla\u015f\u0131l\u0131r ve sistemli bir \u015fekilde ifade etmek gereklidir. \u00a0 \u00a0 \u00a0 Statistical Package for the Social Sciences isimli SPSS analizi akademik","og_url":"https:\/\/tezyazdir.net\/index.php\/spss-veri-analizi\/","og_site_name":"Sayg\u0131n Akademik Dan\u0131\u015fmanl\u0131k","article_modified_time":"2020-11-09T14:20:18+00:00","twitter_card":"summary_large_image","twitter_misc":{"Tahmini okuma s\u00fcresi":"1 dakika"},"schema":{"@context":"https:\/\/schema.org","@graph":[{"@type":"WebPage","@id":"https:\/\/tezyazdir.net\/index.php\/spss-veri-analizi\/","url":"https:\/\/tezyazdir.net\/index.php\/spss-veri-analizi\/","name":"SPSS VER\u0130 ANAL\u0130Z\u0130 - Sayg\u0131n Akademik Dan\u0131\u015fmanl\u0131k","isPartOf":{"@id":"https:\/\/tezyazdir.net\/#website"},"datePublished":"2016-04-19T23:37:26+00:00","dateModified":"2020-11-09T14:20:18+00:00","breadcrumb":{"@id":"https:\/\/tezyazdir.net\/index.php\/spss-veri-analizi\/#breadcrumb"},"inLanguage":"tr","potentialAction":[{"@type":"ReadAction","target":["https:\/\/tezyazdir.net\/index.php\/spss-veri-analizi\/"]}]},{"@type":"BreadcrumbList","@id":"https:\/\/tezyazdir.net\/index.php\/spss-veri-analizi\/#breadcrumb","itemListElement":[{"@type":"ListItem","position":1,"name":"Ana sayfa","item":"https:\/\/tezyazdir.net\/"},{"@type":"ListItem","position":2,"name":"SPSS VER\u0130 ANAL\u0130Z\u0130"}]},{"@type":"WebSite","@id":"https:\/\/tezyazdir.net\/#website","url":"https:\/\/tezyazdir.net\/","name":"Sayg\u0131n Akademik Dan\u0131\u015fmanl\u0131k","description":"","publisher":{"@id":"https:\/\/tezyazdir.net\/#organization"},"potentialAction":[{"@type":"SearchAction","target":{"@type":"EntryPoint","urlTemplate":"https:\/\/tezyazdir.net\/?s={search_term_string}"},"query-input":{"@type":"PropertyValueSpecification","valueRequired":true,"valueName":"search_term_string"}}],"inLanguage":"tr"},{"@type":"Organization","@id":"https:\/\/tezyazdir.net\/#organization","name":"Sayg\u0131n Akademik Dan\u0131\u015fmanl\u0131k","url":"https:\/\/tezyazdir.net\/","logo":{"@type":"ImageObject","inLanguage":"tr","@id":"https:\/\/tezyazdir.net\/#\/schema\/logo\/image\/","url":"https:\/\/tezyazdir.net\/wp-content\/uploads\/2020\/11\/site-ikonu.jpg","contentUrl":"https:\/\/tezyazdir.net\/wp-content\/uploads\/2020\/11\/site-ikonu.jpg","width":512,"height":512,"caption":"Sayg\u0131n Akademik Dan\u0131\u015fmanl\u0131k"},"image":{"@id":"https:\/\/tezyazdir.net\/#\/schema\/logo\/image\/"},"sameAs":["https:\/\/instagram.com\/tezyazd"]}]}},"_links":{"self":[{"href":"https:\/\/tezyazdir.net\/index.php\/wp-json\/wp\/v2\/pages\/63","targetHints":{"allow":["GET"]}}],"collection":[{"href":"https:\/\/tezyazdir.net\/index.php\/wp-json\/wp\/v2\/pages"}],"about":[{"href":"https:\/\/tezyazdir.net\/index.php\/wp-json\/wp\/v2\/types\/page"}],"author":[{"embeddable":true,"href":"https:\/\/tezyazdir.net\/index.php\/wp-json\/wp\/v2\/users\/1"}],"replies":[{"embeddable":true,"href":"https:\/\/tezyazdir.net\/index.php\/wp-json\/wp\/v2\/comments?post=63"}],"version-history":[{"count":1,"href":"https:\/\/tezyazdir.net\/index.php\/wp-json\/wp\/v2\/pages\/63\/revisions"}],"predecessor-version":[{"id":1869,"href":"https:\/\/tezyazdir.net\/index.php\/wp-json\/wp\/v2\/pages\/63\/revisions\/1869"}],"wp:attachment":[{"href":"https:\/\/tezyazdir.net\/index.php\/wp-json\/wp\/v2\/media?parent=63"}],"curies":[{"name":"wp","href":"https:\/\/api.w.org\/{rel}","templated":true}]}}