{"id":67,"date":"2016-04-20T02:38:20","date_gmt":"2016-04-19T23:38:20","guid":{"rendered":"http:\/\/tezyazdir.net\/?page_id=67"},"modified":"2020-11-09T17:21:54","modified_gmt":"2020-11-09T14:21:54","slug":"makale-danismanligi","status":"publish","type":"page","link":"https:\/\/tezyazdir.net\/index.php\/makale-danismanligi\/","title":{"rendered":"MAKALE DANI\u015eMANLI\u011eI"},"content":{"rendered":"<h2 style=\"padding-left: 120px; text-align: center;\">MAKALE DANI\u015eMANLI\u011eI<\/h2>\n<p style=\"padding-left: 120px;\">\u00d6\u011frencilik hayat\u0131m\u0131z\u0131n \u00e7e\u015fitli evrelerinde akademik ve bilimsel a\u00e7\u0131dan daha yetkin metinler yazmam\u0131z ve yakla\u015f\u0131mlar \u00fcretmeniz gerekebilir. Genelde makale olarak de\u011ferlendirilen bu bilimsel metinler, akademi camias\u0131nda \u00f6nemli bir yer tutmaktad\u0131r. Bu \u00fcretim s\u00fcre\u00e7lerinde ihtiyac\u0131n\u0131z olan \u015feylerin ba\u015f\u0131nda zaman ve bilgi gelmektedir. Zaman a\u00e7\u0131s\u0131ndan k\u0131s\u0131tlarla kar\u015f\u0131 kar\u015f\u0131yaysan\u0131z ve literat\u00fcr taramas\u0131nda yard\u0131ma ihtiyac\u0131n\u0131z varsa arad\u0131\u011f\u0131n\u0131z yard\u0131mc\u0131y\u0131 buldunuz. Sayg\u0131n Akademik Dan\u0131\u015fmanl\u0131k Merkezi makalelerinizin yaz\u0131m\u0131nda size her t\u00fcrl\u00fc akademik ve akt\u00fcel literat\u00fcr taramas\u0131n\u0131 ve sonu\u00e7lar\u0131n\u0131 yaparak makalenizi destekleyecektir.<\/p>\n","protected":false},"excerpt":{"rendered":"<p>MAKALE DANI\u015eMANLI\u011eI \u00d6\u011frencilik hayat\u0131m\u0131z\u0131n \u00e7e\u015fitli evrelerinde akademik ve bilimsel a\u00e7\u0131dan daha yetkin metinler yazmam\u0131z ve yakla\u015f\u0131mlar \u00fcretmeniz gerekebilir. Genelde makale olarak de\u011ferlendirilen bu bilimsel metinler, akademi camias\u0131nda \u00f6nemli bir yer tutmaktad\u0131r. Bu \u00fcretim s\u00fcre\u00e7lerinde ihtiyac\u0131n\u0131z olan \u015feylerin ba\u015f\u0131nda zaman ve bilgi gelmektedir. Zaman a\u00e7\u0131s\u0131ndan k\u0131s\u0131tlarla kar\u015f\u0131 kar\u015f\u0131yaysan\u0131z ve literat\u00fcr taramas\u0131nda yard\u0131ma ihtiyac\u0131n\u0131z varsa arad\u0131\u011f\u0131n\u0131z yard\u0131mc\u0131y\u0131<\/p>\n","protected":false},"author":1,"featured_media":0,"parent":0,"menu_order":0,"comment_status":"closed","ping_status":"closed","template":"","meta":{"footnotes":""},"class_list":["post-67","page","type-page","status-publish","hentry"],"yoast_head":"<!-- This site is optimized with the Yoast SEO plugin v27.5 - https:\/\/yoast.com\/product\/yoast-seo-wordpress\/ -->\n<title>MAKALE DANI\u015eMANLI\u011eI - Sayg\u0131n Akademik Dan\u0131\u015fmanl\u0131k<\/title>\n<meta name=\"robots\" content=\"index, follow, max-snippet:-1, max-image-preview:large, max-video-preview:-1\" \/>\n<link rel=\"canonical\" href=\"https:\/\/tezyazdir.net\/index.php\/makale-danismanligi\/\" \/>\n<meta property=\"og:locale\" content=\"tr_TR\" \/>\n<meta property=\"og:type\" content=\"article\" \/>\n<meta property=\"og:title\" content=\"MAKALE DANI\u015eMANLI\u011eI - Sayg\u0131n Akademik Dan\u0131\u015fmanl\u0131k\" \/>\n<meta property=\"og:description\" content=\"MAKALE DANI\u015eMANLI\u011eI \u00d6\u011frencilik hayat\u0131m\u0131z\u0131n \u00e7e\u015fitli evrelerinde akademik ve bilimsel a\u00e7\u0131dan daha yetkin metinler yazmam\u0131z ve yakla\u015f\u0131mlar \u00fcretmeniz gerekebilir. Genelde makale olarak de\u011ferlendirilen bu bilimsel metinler, akademi camias\u0131nda \u00f6nemli bir yer tutmaktad\u0131r. Bu \u00fcretim s\u00fcre\u00e7lerinde ihtiyac\u0131n\u0131z olan \u015feylerin ba\u015f\u0131nda zaman ve bilgi gelmektedir. Zaman a\u00e7\u0131s\u0131ndan k\u0131s\u0131tlarla kar\u015f\u0131 kar\u015f\u0131yaysan\u0131z ve literat\u00fcr taramas\u0131nda yard\u0131ma ihtiyac\u0131n\u0131z varsa arad\u0131\u011f\u0131n\u0131z yard\u0131mc\u0131y\u0131\" \/>\n<meta property=\"og:url\" content=\"https:\/\/tezyazdir.net\/index.php\/makale-danismanligi\/\" \/>\n<meta property=\"og:site_name\" content=\"Sayg\u0131n Akademik Dan\u0131\u015fmanl\u0131k\" \/>\n<meta property=\"article:modified_time\" content=\"2020-11-09T14:21:54+00:00\" \/>\n<meta name=\"twitter:card\" content=\"summary_large_image\" \/>\n<meta name=\"twitter:label1\" content=\"Tahmini okuma s\u00fcresi\" \/>\n\t<meta name=\"twitter:data1\" content=\"1 dakika\" \/>\n<script type=\"application\/ld+json\" class=\"yoast-schema-graph\">{\"@context\":\"https:\\\/\\\/schema.org\",\"@graph\":[{\"@type\":\"WebPage\",\"@id\":\"https:\\\/\\\/tezyazdir.net\\\/index.php\\\/makale-danismanligi\\\/\",\"url\":\"https:\\\/\\\/tezyazdir.net\\\/index.php\\\/makale-danismanligi\\\/\",\"name\":\"MAKALE DANI\u015eMANLI\u011eI - Sayg\u0131n Akademik Dan\u0131\u015fmanl\u0131k\",\"isPartOf\":{\"@id\":\"https:\\\/\\\/tezyazdir.net\\\/#website\"},\"datePublished\":\"2016-04-19T23:38:20+00:00\",\"dateModified\":\"2020-11-09T14:21:54+00:00\",\"breadcrumb\":{\"@id\":\"https:\\\/\\\/tezyazdir.net\\\/index.php\\\/makale-danismanligi\\\/#breadcrumb\"},\"inLanguage\":\"tr\",\"potentialAction\":[{\"@type\":\"ReadAction\",\"target\":[\"https:\\\/\\\/tezyazdir.net\\\/index.php\\\/makale-danismanligi\\\/\"]}]},{\"@type\":\"BreadcrumbList\",\"@id\":\"https:\\\/\\\/tezyazdir.net\\\/index.php\\\/makale-danismanligi\\\/#breadcrumb\",\"itemListElement\":[{\"@type\":\"ListItem\",\"position\":1,\"name\":\"Ana sayfa\",\"item\":\"https:\\\/\\\/tezyazdir.net\\\/\"},{\"@type\":\"ListItem\",\"position\":2,\"name\":\"MAKALE DANI\u015eMANLI\u011eI\"}]},{\"@type\":\"WebSite\",\"@id\":\"https:\\\/\\\/tezyazdir.net\\\/#website\",\"url\":\"https:\\\/\\\/tezyazdir.net\\\/\",\"name\":\"Sayg\u0131n Akademik Dan\u0131\u015fmanl\u0131k\",\"description\":\"\",\"publisher\":{\"@id\":\"https:\\\/\\\/tezyazdir.net\\\/#organization\"},\"potentialAction\":[{\"@type\":\"SearchAction\",\"target\":{\"@type\":\"EntryPoint\",\"urlTemplate\":\"https:\\\/\\\/tezyazdir.net\\\/?s={search_term_string}\"},\"query-input\":{\"@type\":\"PropertyValueSpecification\",\"valueRequired\":true,\"valueName\":\"search_term_string\"}}],\"inLanguage\":\"tr\"},{\"@type\":\"Organization\",\"@id\":\"https:\\\/\\\/tezyazdir.net\\\/#organization\",\"name\":\"Sayg\u0131n Akademik Dan\u0131\u015fmanl\u0131k\",\"url\":\"https:\\\/\\\/tezyazdir.net\\\/\",\"logo\":{\"@type\":\"ImageObject\",\"inLanguage\":\"tr\",\"@id\":\"https:\\\/\\\/tezyazdir.net\\\/#\\\/schema\\\/logo\\\/image\\\/\",\"url\":\"https:\\\/\\\/tezyazdir.net\\\/wp-content\\\/uploads\\\/2020\\\/11\\\/site-ikonu.jpg\",\"contentUrl\":\"https:\\\/\\\/tezyazdir.net\\\/wp-content\\\/uploads\\\/2020\\\/11\\\/site-ikonu.jpg\",\"width\":512,\"height\":512,\"caption\":\"Sayg\u0131n Akademik Dan\u0131\u015fmanl\u0131k\"},\"image\":{\"@id\":\"https:\\\/\\\/tezyazdir.net\\\/#\\\/schema\\\/logo\\\/image\\\/\"},\"sameAs\":[\"https:\\\/\\\/instagram.com\\\/tezyazd\"]}]}<\/script>\n<!-- \/ Yoast SEO plugin. -->","yoast_head_json":{"title":"MAKALE DANI\u015eMANLI\u011eI - Sayg\u0131n Akademik Dan\u0131\u015fmanl\u0131k","robots":{"index":"index","follow":"follow","max-snippet":"max-snippet:-1","max-image-preview":"max-image-preview:large","max-video-preview":"max-video-preview:-1"},"canonical":"https:\/\/tezyazdir.net\/index.php\/makale-danismanligi\/","og_locale":"tr_TR","og_type":"article","og_title":"MAKALE DANI\u015eMANLI\u011eI - Sayg\u0131n Akademik Dan\u0131\u015fmanl\u0131k","og_description":"MAKALE DANI\u015eMANLI\u011eI \u00d6\u011frencilik hayat\u0131m\u0131z\u0131n \u00e7e\u015fitli evrelerinde akademik ve bilimsel a\u00e7\u0131dan daha yetkin metinler yazmam\u0131z ve yakla\u015f\u0131mlar \u00fcretmeniz gerekebilir. Genelde makale olarak de\u011ferlendirilen bu bilimsel metinler, akademi camias\u0131nda \u00f6nemli bir yer tutmaktad\u0131r. Bu \u00fcretim s\u00fcre\u00e7lerinde ihtiyac\u0131n\u0131z olan \u015feylerin ba\u015f\u0131nda zaman ve bilgi gelmektedir. Zaman a\u00e7\u0131s\u0131ndan k\u0131s\u0131tlarla kar\u015f\u0131 kar\u015f\u0131yaysan\u0131z ve literat\u00fcr taramas\u0131nda yard\u0131ma ihtiyac\u0131n\u0131z varsa arad\u0131\u011f\u0131n\u0131z yard\u0131mc\u0131y\u0131","og_url":"https:\/\/tezyazdir.net\/index.php\/makale-danismanligi\/","og_site_name":"Sayg\u0131n Akademik Dan\u0131\u015fmanl\u0131k","article_modified_time":"2020-11-09T14:21:54+00:00","twitter_card":"summary_large_image","twitter_misc":{"Tahmini okuma s\u00fcresi":"1 dakika"},"schema":{"@context":"https:\/\/schema.org","@graph":[{"@type":"WebPage","@id":"https:\/\/tezyazdir.net\/index.php\/makale-danismanligi\/","url":"https:\/\/tezyazdir.net\/index.php\/makale-danismanligi\/","name":"MAKALE DANI\u015eMANLI\u011eI - Sayg\u0131n Akademik Dan\u0131\u015fmanl\u0131k","isPartOf":{"@id":"https:\/\/tezyazdir.net\/#website"},"datePublished":"2016-04-19T23:38:20+00:00","dateModified":"2020-11-09T14:21:54+00:00","breadcrumb":{"@id":"https:\/\/tezyazdir.net\/index.php\/makale-danismanligi\/#breadcrumb"},"inLanguage":"tr","potentialAction":[{"@type":"ReadAction","target":["https:\/\/tezyazdir.net\/index.php\/makale-danismanligi\/"]}]},{"@type":"BreadcrumbList","@id":"https:\/\/tezyazdir.net\/index.php\/makale-danismanligi\/#breadcrumb","itemListElement":[{"@type":"ListItem","position":1,"name":"Ana sayfa","item":"https:\/\/tezyazdir.net\/"},{"@type":"ListItem","position":2,"name":"MAKALE DANI\u015eMANLI\u011eI"}]},{"@type":"WebSite","@id":"https:\/\/tezyazdir.net\/#website","url":"https:\/\/tezyazdir.net\/","name":"Sayg\u0131n Akademik Dan\u0131\u015fmanl\u0131k","description":"","publisher":{"@id":"https:\/\/tezyazdir.net\/#organization"},"potentialAction":[{"@type":"SearchAction","target":{"@type":"EntryPoint","urlTemplate":"https:\/\/tezyazdir.net\/?s={search_term_string}"},"query-input":{"@type":"PropertyValueSpecification","valueRequired":true,"valueName":"search_term_string"}}],"inLanguage":"tr"},{"@type":"Organization","@id":"https:\/\/tezyazdir.net\/#organization","name":"Sayg\u0131n Akademik Dan\u0131\u015fmanl\u0131k","url":"https:\/\/tezyazdir.net\/","logo":{"@type":"ImageObject","inLanguage":"tr","@id":"https:\/\/tezyazdir.net\/#\/schema\/logo\/image\/","url":"https:\/\/tezyazdir.net\/wp-content\/uploads\/2020\/11\/site-ikonu.jpg","contentUrl":"https:\/\/tezyazdir.net\/wp-content\/uploads\/2020\/11\/site-ikonu.jpg","width":512,"height":512,"caption":"Sayg\u0131n Akademik Dan\u0131\u015fmanl\u0131k"},"image":{"@id":"https:\/\/tezyazdir.net\/#\/schema\/logo\/image\/"},"sameAs":["https:\/\/instagram.com\/tezyazd"]}]}},"_links":{"self":[{"href":"https:\/\/tezyazdir.net\/index.php\/wp-json\/wp\/v2\/pages\/67","targetHints":{"allow":["GET"]}}],"collection":[{"href":"https:\/\/tezyazdir.net\/index.php\/wp-json\/wp\/v2\/pages"}],"about":[{"href":"https:\/\/tezyazdir.net\/index.php\/wp-json\/wp\/v2\/types\/page"}],"author":[{"embeddable":true,"href":"https:\/\/tezyazdir.net\/index.php\/wp-json\/wp\/v2\/users\/1"}],"replies":[{"embeddable":true,"href":"https:\/\/tezyazdir.net\/index.php\/wp-json\/wp\/v2\/comments?post=67"}],"version-history":[{"count":1,"href":"https:\/\/tezyazdir.net\/index.php\/wp-json\/wp\/v2\/pages\/67\/revisions"}],"predecessor-version":[{"id":1872,"href":"https:\/\/tezyazdir.net\/index.php\/wp-json\/wp\/v2\/pages\/67\/revisions\/1872"}],"wp:attachment":[{"href":"https:\/\/tezyazdir.net\/index.php\/wp-json\/wp\/v2\/media?parent=67"}],"curies":[{"name":"wp","href":"https:\/\/api.w.org\/{rel}","templated":true}]}}